8
Let k(h) = -20*h - 7. What is the remainder when k(-20) is divided by 156?
81
Let c = -13110 + 13213. What is the remainder when c is divided by 34?
1
Suppose 24 = -2*t - t. Let j(w) = -5*w - 7. Let f be j(t). Suppose i + 5*a = -2, 56 + f = 3*i - 4*a. What is the remainder when 66 is divided by i?
20
Let d = -51 + 102. Suppose 5*u - 3*b = d, -2*u + 0*b = b - 16. Calculate the remainder when (-4)/(1*1/(-4)) is divided by u.
7
Let h = -112 - -123. Calculate the remainder when -2*((-4098)/27 - (-4)/(-18)) is divided by h.
7
Suppose 0*b - 5*j = -b + 417, -40 = 5*j. What is the remainder when b is divided by 81?
53
Calculate the remainder when 3976 is divided by 3/(-18)*-5 - (6 + 3493/(-42)).
76
What is the remainder when 309 is divided by -3 - ((-1005)/17 + 166/1411)?
29
Let m(t) = t**3 - 33*t**2 + 88*t + 62. Let s be m(30). Suppose 5*w = n + 750 + 1761, -2*w + 1006 = -s*n. What is the remainder when w is divided by 36?
34
Suppose 1441 = 3*w - 2*d, 3*d + 751 + 1651 = 5*w. What is the remainder when w is divided by 44?
41
Suppose 4*s = 2*i - 56, 5*s + 0*s = 3*i - 89. Suppose 0*q = -q + i. Let d(m) = -m**3 + 51*m**2 - 46*m - 88. Calculate the remainder when d(50) is divided by q.
36
Let m = 60 + 17. Suppose 0*x - 8 = -4*x, 5*x - 10 = -h. Suppose h = 3*j - l - 112, 3*l = -5*j - l + 215. What is the remainder when m is divided by j?
38
Suppose 4*r + f = 6*f + 143, 0 = -5*r + 3*f + 195. Let y be 4 - 1*(2 - 0). Suppose y*c = c + 15. What is the remainder when r is divided by c?
12
Suppose -19*z + 2144 = -3*z. Let h(f) = -16*f + 2. What is the remainder when z is divided by h(-2)?
32
Let n(v) = -9*v**2 + 492*v - 208. What is the remainder when 1506 is divided by n(54)?
114
Let g = -302 - -605. Let o = -3633 - -3694. Calculate the remainder when g is divided by o.
59
Let m = -2571 - -3558. Calculate the remainder when m is divided by 26.
25
Let i = -630 + 674. Suppose -g + 29 = -3*t + 4*t, -t + 4*g = -i. Calculate the remainder when 57 is divided by t.
25
Suppose -42*b + 190*b = 71484. Calculate the remainder when b is divided by 145.
48
Let k = 253 + -231. Calculate the remainder when 104 is divided by k.
16
Let c(i) = -1758*i + 3524*i - 1757*i + 257. Calculate the remainder when 108 is divided by c(-26).
16
Let z be (0 + 4 + -5)/((-1)/103). Suppose -128 = -11*x + z. Calculate the remainder when 208 is divided by x.
19
Let y(f) = -153*f - 1159. Calculate the remainder when 920 is divided by y(-8).
10
Let b(i) = -2*i**3 + 34*i**2 + 9*i - 85. What is the remainder when b(17) is divided by 49?
19
Let x(c) = -12*c + 18. Suppose -9*k - 50 = -41. Calculate the remainder when 86 is divided by x(k).
26
Suppose 2*s - 3*s + c - 88 = 0, -s = 2*c + 100. Let a = 96 + s. Calculate the remainder when a is divided by 1.
0
Let g(h) = -55*h**2 - 1105*h - 21. What is the remainder when 10815 is divided by g(-20)?
71
Let g be ((-2)/3)/((-1 - 7)/24). Suppose k - 54 = -2*w - k, 0 = -g*w + 2*k + 58. Calculate the remainder when 2/(-8) - (-915)/12 is divided by w.
20
Let i be (4 - 3)/((-28)/(-8) + -3). Suppose p + 2*p = -i*m + 117, -p - 5*m + 52 = 0. Calculate the remainder when 109 is divided by p.
35
Suppose -1955 = -4*d - 83. Suppose 8*h = 2*h + d. What is the remainder when h is divided by 81/15*(8 - 3)?
24
Let a be 5 + (-12)/3 + 21. Suppose 3*h = -2*h + 520. Calculate the remainder when h is divided by 43/3 + a/33.
14
Suppose 64*u = -4*n + 63*u + 3115, -n + 781 = -2*u. What is the remainder when n is divided by 33?
20
Calculate the remainder when 1310244/2730 - 4/(-70) is divided by 144.
48
Let x(w) = -22*w - 569. Let u(r) = 5 + 4*r + 4 - 8. Calculate the remainder when u(4) is divided by x(-26).
2
Let b be -1 - 6/(48/(-1304)). Suppose -b*k = -160*k - 18. What is the remainder when 78 is divided by k?
6
Let z(s) = -311*s**3 + s**2. Let n be z(-1). Suppose 0 = -8*b + 4*b + n. Let j = -22 + 43. Calculate the remainder when b is divided by j.
15
Let j(a) = 37*a**3 - a**2 - 137*a + 278. What is the remainder when j(2) is divided by 15?
11
Let q = -149 - -138. Let x(c) = 5*c**2 + 12*c - 55. What is the remainder when x(q) is divided by 21?
19
Suppose 3*j + 3*z + 7 = 2*z, 0 = 2*j - 4*z. Suppose 4*w + 4*r + 172 = 8*w, -3*w + 5*r + 129 = 0. Calculate the remainder when w is divided by (8 - 25)*(j + 1).
9
Let n(j) = -5 - 6*j**2 - 2*j + j**3 - 2*j + 5*j + 3*j. Calculate the remainder when (70/30)/((-12)/(-180)) is divided by n(6).
16
Let f be 3/(-3*(-4)/(-8)). Calculate the remainder when (-117468)/(-1092) + 4/(-7) is divided by f/(-9) + 1764/81.
19
Let h be (24/(-21))/((-8)/28). Let t be (22 + -49)/((-1)/h). Let y = 4 + t. What is the remainder when y is divided by 29?
25
Calculate the remainder when (-1)/((-10*(3 - 16/5))/(-4762)) is divided by 4.
1
Suppose -3*o + 1606 = 1417. Calculate the remainder when 235 is divided by o.
46
Let p = 6131 - 5699. Calculate the remainder when p is divided by 217.
215
Let y = -388 - -395. Suppose 3*t - 50 = -q, y*q - 2*t = 4*q + 106. Calculate the remainder when q is divided by 4/(10/6 + -1).
2
Suppose -3370 = -2*k + 2*q, 340*k + 4*q = 341*k - 1697. Calculate the remainder when k is divided by 187.
185
Suppose -p + 49 = 4*i, 2*i = -p + 4*i + 13. Calculate the remainder when 1112 is divided by p.
12
Suppose 0 = 56*z + 37*z - 5673. Let v be 5/3*(-24 + 9). Let t = v - -45. Calculate the remainder when z is divided by t.
1
Suppose 2*p - 111 - 17 = 0. Suppose -2*v + 4*l + 64 = 0, -3*v + 3*l + 29 = -p. Calculate the remainder when 131 is divided by v.
11
Suppose -786*x + 23364 = -753*x. What is the remainder when x is divided by 426?
282
Let r(b) = -145*b + 101. Calculate the remainder when r(0) is divided by 60.
41
Let z = 4 + -4. Let l(v) be the third derivative of -v**6/120 + v**5/20 + v**4/24 + 5*v**3/6 - 193*v**2 + 1. What is the remainder when 28 is divided by l(z)?
3
Let r = -4841 - -4962. Calculate the remainder when 342 is divided by r.
100
Let d = -1588 + 1668. What is the remainder when 496 is divided by d?
16
Suppose 4*z = 251 - 207. Let o(q) = -q**2 + 19*q - 38. What is the remainder when o(z) is divided by 14?
8
Suppose p - 351 = -2*p. Calculate the remainder when p is divided by (25 + (-48)/(-24))/((-3)/(-2)).
9
Let f(j) = -2*j**3 + 2*j**2 - 2*j - 3. Let x be f(4). Let g = 1447 - 1282. Let o = g + x. Calculate the remainder when o is divided by 15.
13
Suppose 34*h = 444 + 13700. Calculate the remainder when h is divided by 140.
136
Let n(u) = u**3 + 15*u**2 + u + 35. Calculate the remainder when 1619 is divided by n(-15).
19
Suppose 0 = 3*w + 3*a - 105, -5*a = -18*w + 14*w + 185. Calculate the remainder when w is divided by 12.
4
Let x = -88 + 93. Suppose 0 = x*d + 2*s - 33, 2*s - 26 = -4*d - 0*s. What is the remainder when 8 + (-2 + 4 - -1) is divided by d?
4
Let g(w) = 7*w + 23. Let s be g(-3). Suppose y = -4, 4*o - 6*y - 48 = -s*y. Let l = 61 - o. Calculate the remainder when l is divided by 9.
8
Let g(d) = d**2 + d + 51. Calculate the remainder when g(0) is divided by (300/350)/(0 - 2/(-7)).
0
Let a(o) = 2*o - 9. Let p be a(7). Suppose -505 = -p*h - 0*h. Let z = 2829 - 2778. What is the remainder when h is divided by z?
50
Let f(j) = -11*j + 2. Let d be f(1). What is the remainder when -8 - 2 - -44 - 3/(-1) is divided by ((-26)/3)/(6/d)?
11
Suppose 0 = -4*q + 20, 3*l = -2*l + 4*q + 45. What is the remainder when (42/15)/(1/(10/4)) is divided by l/(-39)*(-12 + 0)?
3
Let z be 60/(-8)*3*(-6)/(-15). Let a(x) = x**2 + 2*x + 11. Suppose -5*s + m + 92 = 0, -s - 5*m = -6 - 28. Calculate the remainder when a(z) is divided by s.
17
Let m(n) = 102*n + 1014. Calculate the remainder when 1619 is divided by m(-9).
83
Let s(j) = 204*j**3 - j**2 + j + 2. Let d be s(-1). Let h = d - -286. Let n = 95 + -74. What is the remainder when h is divided by n?
19
Let k(a) = 2*a**3 + 2*a - 1. Let n be k(1). Suppose 5*y - n*y = 20. What is the remainder when (-211)/(-6) - (-1)/(-6) is divided by y?
5
Suppose 3*k = 60 - 48. Suppose -b + 4*w = 14 + 4, 5*b = 2*w - 36. Let m(f) = -3*f - 7. Calculate the remainder when m(b) is divided by k.
3
Let w = -378 + 400. Let p(v) = 57*v + 2. What is the remainder when p(1) is divided by w?
15
Suppose -23346 + 19616 = -12*u + 27914. What is the remainder when u is divided by 24?
21
What is the remainder when (-21)/((-4